-4 - -12))
43
-13 + -25 + 39 + 0 + -23
-22
What is (140 - 51) + -54 + -6?
29
Evaluate -17 + (12 - 4 - 4) + (3 - (-12 - -25)).
-23
What is the value of 2 + -2 + -5 + (15 - (4 + 2))?
4
((-9 - 5) + 2 - (14 + -27)) + 55
56
What is (-6 - (-11 + 6)) + 5 + -32 + 0?
-28
What is -7 - (-6 - ((12 - (39 + -13)) + 0))?
-15
Evaluate 97 - -16 - (-161 - -194).
80
What is the value of -47 + (-5 - (-50 - (25 - 50))) - 12?
-39
What is the value of -232 + 100 + 78 - -89?
35
Calculate ((-6 + 9 + -6 - 0) + -7 - -5) + 31.
26
What is the value of (-26 - -166) + 106 - 124?
122
What is 54 - 1 - (18 + -7 + -23 - -6 - 2)?
61
What is -3 - (24 + -33 + -24 + -6)?
36
What is the value of 3 + 22 + (31 - (21 - 7))?
42
-41 + 10 + 5 + -21 + 0 + 14
-33
Evaluate (0 - (2 - -42)) + 333 + -384 + 68.
-27
Calculate -23 - ((-2 + 1 - 17) + -42 + 109 + -58).
-14
What is 24 - (11 + 13 + -3) - -15?
18
What is 1 - (-3 - -59) - (-4 - -1) - (-730 + 729)?
-51
Calculate -141 - -133 - ((2 - 1) + -10) - (-2 - -2).
1
Evaluate (145 - 174) + (-2 - 2 - -3) + (-9 - -1).
-38
Calculate (13 - (-12 + (-13 - (6 - 19)) - -13)) + -124.
-112
Calculate -13 + (-570 + 587 - (-1 + 32)).
-27
Evaluate 11 - (134 - 52 - 173).
102
Calculate 2 + 52 - 5 - ((-19 - -14) + 30 + -26).
50
Evaluate (-16 - -32) + (20 + -15 - (11 - 0)).
10
Evaluate 2 + (2 + (8 - -3) - (2 - 59 - 2)).
74
Evaluate 2 + -34 - (-2 + (-59 - -55)).
-26
Calculate (35 - -21 - 59) + -79 + -3 + -1.
-86
What is the value of 38 - (0 - ((12 - 33) + 17) - 4)?
38
What is (1 - 0) + -6 - (-23 - -55 - 52)?
15
Evaluate 16 + (-9 - 29) - 12 - -24.
-10
Calculate (4 - -48) + 41 + -48 - -25.
70
Calculate 63 + (-27 - 9) - -2.
29
What is the value of (25 - (1 + -28)) + 22 - (1 - -14)?
59
(-131 - 5 - -118) + (-1 - -2)
-17
Calculate (-22 - -15) + (1 - 4 - -82) + -13.
59
What is the value of -30 - (-121 - -45 - 11) - -15?
72
Evaluate (-51 + 74 - -76) + (9 + -10 - 22).
76
Evaluate (5 - (7 + -2 + -12)) + -4 + 0 + -66.
-58
What is the value of 1 + (13 - (11 - -1)) - (25 - -6 - 11)?
-18
Calculate (-67 + -100 - -96) + 104.
33
Evaluate -24 - (-29 - -7) - -12 - 55.
-45
180 - 106 - (-2 - -118)
-42
What is the value of -22 + -3 + (-4 - -22) - 37?
-44
Evaluate 4 + -14 + (-1 - (-18 - -5)) + (-34 - 1).
-33
What is the value of (221 + -237 - (-6 + -19)) + 29 + -1?
37
Calculate 143 + 3 + (-5914 - -5863).
95
What is the value of 4 - (-14 - (21 - (1 - -24)))?
14
(4 - (-10 + -11 + -16 + 24)) + -15
2
What is 5 + -1 - (26 + (14 - (-18 - -8)))?
-46
What is (-146 - (-172 + 22)) + (-1 + 1 - (-1 + -36))?
41
What is 13 + (-38 - -37 - (121 + 1)) + 16?
-94
Evaluate 19 - (54 - 8) - -12 - (-83 - 16).
84
What is the value of -164 + -83 + 287 - (1 + (8 - -1))?
30
What is the value of 13 + (3 - 31) + (9 - 0) + -5?
-11
What is the value of -17 - (86 + (108 + -127 - (2 - 4)))?
-86
What is the value of -21 + 10 + (24 + -4 - 22)?
-13
What is the value of -11 + -28 + 10 + (27 - 18)?
-20
Evaluate -1 + (-1 + (-4 - 21) - (81 + -91)).
-17
Evaluate 30 - (-9 - (-10 - (-1 + 11)) - 7).
26
What is the value of 12 - (11 + (-78 - (37 + -83)))?
33
What is the value of 47 + 6 + (30 - 57) + 0?
26
35 - (27 + -20 + -11)
39
9 - 2 - (-86 - (-189 - -59))
-37
Evaluate (-59 - -25) + 13 - (12 - 63).
30
What is the value of 1 + (-4 - -2) + 4 + (-1 + -5 - -28)?
25
What is the value of -1980 - -2052 - (-12 + 1)?
83
Evaluate -89 + (-40 - -148 - 44).
-25
Evaluate -20 + 0 + (-8 - -26) + (5 - 41) + 11.
-27
What is the value of 364 + -506 + 167 - (0 - -42)?
-17
-3 + -9 - ((-14 - (23 + -22)) + 0 + 9)
-6
What is the value of 36 + -2 + -136 + 185 + (-10 - 2)?
71
Calculate 34 - (81 - 17) - -24.
-6
Calculate 31 + 7 + 38 + -67.
9
What is the value of -12 - (-4 - 15) - (5 + -1 + 0 + 3)?
0
What is the value of 57 - (114 - 25) - (-16 + 1)?
-17
What is -4 + -4 + -70 + 47 + -39 + -2 + -13?
-85
Evaluate 106 + 0 + -84 + -151 + 250.
121
Calculate (-6 - 0) + 1 + 0 + -2 - (35572 + -35570).
-9
(8 - 2 - -10 - 17) + -10 + 0 - -44
33
-16 + (9 - (12 + -24) - 11)
-6
What is the value of 5 + -105 - 3 - (39 + -62 + 8)?
-88
What is the value of -2858 + 2823 - (-2 + 2 - 0 - 5)?
-30
Calculate -2 - (-10 + -10 - -7) - 10 - (-70 + 1).
70
Evaluate 42 + 28 + (-75 - -29).
24
Calculate (-3 - -12) + ((-9 - 5) + (33 - 31) - 3).
-6
Calculate 12 - (-18 - (4 + -27 + 34)).
41
What is -3 + 0 - (-3296 - -3344)?
-51
What is 114 + 1 - (-67 - (-61 + -29))?
92
Evaluate (32 + -6 - -118) + -300.
-156
What is the value of (-14 - (10 + (-28 - 6))) + -3 + -34?
-27
What is the value of 61 + (38 + -52 - -9)?
56
What is 17 + (-16 - -26) + -36 - (-17 + 1)?
7
Evaluate 15 - (31 + 12) - -19.
-9
What is the value of 24 + -29 + 15 + 7 + -21?
-4
What is (-4 - -6 - -5) + 44 + -17 - -17?
51
Evaluate 3751 + -3794 + 67 + 0.
24
(15 - 75 - -26) + -4 + 15 + -2
-25
Calculate 23 - (-20 - -82) - -6 - 24.
-57
What is ((-6 - 2) + 11 - -11) + (22 - 23)?
13
Calculate 1 - 44 - (-16 + (-7 - -17) + -6 + 18).
-49
Calculate 15 - (-36 + -31 + -9 + (-7 - -22)).
76
7 - (1 + 21 - 24 - -26)
-17
-3 - (-50 - -62 - 35)
20
Calculate 29 + -58 + 1 - -31.
3
(-7 - (-41 + 85)) + (1 - 4)
-54
Calculate -63 - (-4 - 48) - (2 + -39).
26
Evaluate (-49 - (-14 - -12)) + 70.
23
What is the value of 0 + -21 - (-9 + 17 + 18 - 15)?
-32
Evaluate (-12 - -22) + -48 + (-2 - -1) + -18 + 31.
-26
(-34 + 2 - 6) + (12 + -2 + -8 - 6)
-42
Evaluate 25 + (9 - (0 + 1 + (176 - 168))).
25
What is -58 + 7 + (-7 - -10) - (-19 + 8) - 0?
-37
What is 168 - (-315 + 310 - ((-1 - 1) + -19))?
152
Evaluate 39 + (-82 - (-18 - 40)).
15
-6 + (5 - (9 + -12 + 21)) + -51
-70
What is -86 + -18 + 13 + -5 + 1 + 12?
-83
What is (10 - (-37 - 32)) + -10 + -12?
57
What is (-26 - -1) + (-85 - (-50 - 43))?
-17
Calculate -16 - (-111 - -21) - (-1 + 2 + 9).
64
What is the value of 429 + -417 - (-14 - -5)?
21
Calculate -15 - (0 + -34 - (627 + -646)).
0
What is 16 + -8 - 32 - (-76 - -50)?
2
-3 - (-9 + 2 - (-61 - (20 + -69)))
-8
(2 - (-1 - -1 - 72)) + -272 + -106 + 368
64
-3 + (-32 - -12) + 14 - -21
12
What is the value of (-1 - 3) + (-24 + 4 + 24 - -10) + -49?
-39
What is 94 + -46 + -41 - -27?
34
Evaluate (50 - 20 - 43) + 50.
37
Evaluate (69 - (-9 + 22) - 17) + 12 + (11 - 0).
62
-62 - (10 + -3 + 2 + 2 + (944 - 955))
-62
Calculate -110 + (181 - (20 - 32)).
83
What is the value of 13 - (6 + (-24 - -6) - -19) - 16?
-10
What is the value of -207 + 212 + (12 + -13 - (-30 + -1))?
35
Evaluate 21 - (14 + -27 - -70) - 25.
-61
What is the value of 19 + -8 - (23 - 48 - -23)?
13
What is the value of 32 + -23 + 30 + -31 - 8?
0
Evaluate (-10 + 3 + 25 - 16) + -83 + -1.
-82
Calculate 11 + -51 - (930 + -964).
-6
Calculate -47 - (-98 - -56) - (-12 + 0).
7
Evaluate (-8 - -14 - (-9 + 5)) + 10 + -9.
11
Calculate (-16 - -12) + 102 + 11 + 5 + -16.
98
0 + (6 - 2 - -23) + -33 + 91 + -69
16
What is -24 + (101 - -44) + -92?
29
Evaluate (2 - 1) + -83 - (-1261 - -1243).
-64
What is -40 + 22 + 39 + -30 - (-1 + 2 + 2)?
-12
Calculate 3 - (31 + 2) - (15 + 1 + -6 - 10).
-30
-6 - (-58 + -22) - 95 - (-3 + 0 - 0)
-18
What is the value of 27 + 60 + -100 - 45?
-58
(22 - 9 - 10) + 2 + -3 + 9 + 13
24
What is the value of (85 - 67 - -19) + -13?
24
What is (-1 - -2 - 5) + (-165 + 307 - 220)?
-82
Evaluate 16 + -2 + (-5 - (34 - 10 - -41)).
-56
Calculate (13 - (-9 - -12) - 60) + 14.
-36
What is 5 + (-10 - 22) + (37 - (35 - -25))?
-50
What is the value of -80 - (14 + (5 + (6 - 35) - -2))?
-72
What is -81 - (-110 + 63) - -39?
5
What is -88 + -75 + 134 - -60?
31
Evaluate -2 + -5 - ((-1 - 1) + -6 + (52 - 54)).
3
Evaluate -117 - (218 + -136 - 170).
-29
Evaluate 4 + (-13 - (-13 - 6 - -9)) - 13.
-12
Calculate (1 + (-3 - 2) + 4 - -12) + -59.
-47
What is the value of -15 + 2 + 6 - -6 - (9 - (59 - 3))?
46
56 - (10 + (-78 - -104))
20
Evaluate 32 + 27 + -60 + -1 + 3.
1
What is the value of -19 - ((2 - 29) + (-143 - -156))?
-5
Calculate (12835 - 12801) + (1 - (3 - 0)) + 2.
34
What is the value of -6 + (9 - 27) + 1 + 23 - 118?
-118
(20 - (5 + 1)) + (-111 - ((15 - 14) + -1))
-97
What is (29 - (5 - -28)) + -2 + 10 + 21 + 1?
26
-7 + 5 - 21 - ((17 - 27) + 22)
-35
-18 - (-40 + 31 + -19) - (3 + -1)
8
What is the value of -54 + -105 + (-51 - -114)?
-96
Evaluate -6 - -5 - 12 - (13 + -13) - -2.
-11
What is 5 - -1 - (-2 - (-8 + (-16 - -17)) - 43)?
44
Evaluate -8 + -63 - (-11 - (-6 + 21)).
-45
Calculate 4 + 9 + -7 + (2 - (-1 - -27)).
-18
What is (-25 + 9